ative of -3*o**5/40 + 3*o**3/2 - 9*o**2. Let k(j) be the first derivative of n(j). Give k(-1).
9
Let g(u) = -u + 2. Let i = 1 - 2. Let s be (0/(-7))/(4 + i). Suppose -4*t + 3*t = s. Calculate g(t).
2
Let l(i) = 30*i - 12. Let p(v) = 9*v - 4. Let q(h) = 2*l(h) - 7*p(h). Determine q(-3).
13
Suppose 3*f - 13 = -1. Let s(n) = f - 14*n - 10*n + 22*n. What is s(5)?
-6
Suppose -9*p + 2*t - 16 = -6*p, 31 = -3*p + 5*t. Let h(g) = -g. Calculate h(p).
2
Let t(w) = w**2 - 5*w + 3. Suppose 4*l - 90 = 222. Let o = -76 + l. Calculate t(o).
-3
Let o(g) = -g**3 + g**2 + g - 1. Suppose -7 = -4*j + 17. Suppose 2*q = q - j. Let k(z) = -z**2 - 5*z + 6. Let s be k(q). Give o(s).
-1
Suppose 4 = -v + 8. Let o(k) = 6*k - 5*k**2 - 1 + k**3 + 4*k**2 - 3*k**2 - 2*k**2. What is o(v)?
-9
Suppose 4*p + 0*p = -5*m - 14, 5*m + 6 = 4*p. Let l(x) = x**2 - 4*x - 3. Calculate l(m).
9
Let q = 129 - 81. Let a = q - 46. Let v(b) = 4*b - 3. Calculate v(a).
5
Let f(i) = i - 10. Let b be f(11). Let y(g) = 5 + 5 - 9*g**3 + 1 - 12 + g**2. Determine y(b).
-9
Let j be (-9)/(-27) + 15/9. Let y(m) = 108 - 217 + 114 + j*m. Determine y(-4).
-3
Let p(t) = 17*t**2 - 40*t**2 + 20*t**2 - 2 + t + 4 + 6*t. Calculate p(3).
-4
Let q(z) = 6*z - 20. Let y = -65 + 69. Let f be q(y). Let k(v) = -v**3 + 4*v**2 - v + 5. What is k(f)?
1
Let c(x) = -x + 1. Let n(k) = k**3 + 5*k**2 - 8*k - 12. Let m be n(-6). Suppose -5*d = 4*t + 20, -2*d - 3*d - 20 = m. Give c(t).
1
Let c(i) = 4*i + i + 1070 + 1069 + 1069 - 3207. Let d = -3 - -2. What is c(d)?
-4
Let g(y) = -5*y + 26 - 17 - 3. Determine g(4).
-14
Let x(g) = 1. Let z(k) = k - 23. Let h(o) = 6*x(o) + z(o). Let n be h(13). Let v(m) = -m. Give v(n).
4
Suppose 2*g = -5*j + 2, 5*g = -j - 0*j + 5. Suppose 5*q + 6 - 21 = 0. Let d(s) = -s**2 - 2 + q - 1 + 6. What is d(j)?
6
Let i(w) = -2*w + 9. Suppose 15 = -13*r + 18*r. Suppose r*c - 5*d + 20 = -24, -2*c - 20 = -d. Calculate i(c).
25
Let w be 0 + (-1)/(4/(-4)). Suppose 11 = 2*g + w. Suppose j - g*c = 5*j - 4, 4*j - 5*c = -36. Let b(v) = v**2 + v. Determine b(j).
12
Let h(t) = t**2 + 8*t + 6. Let g = -787 + 779. Give h(g).
6
Let y = 8 + 2. Let s = y - 13. Let p be ((-36)/(-27))/((-2)/s). Let c(b) = -3*b + 2. Give c(p).
-4
Suppose 0 = -11*q + 7*q + 44. Let v(c) = -5*c + 64. Let p be v(q). Let l(r) = r - 6. Give l(p).
3
Let r(t) = -5*t + 5. Suppose 0 = -7*d - d + 32. What is r(d)?
-15
Suppose 0 = 3*v + 3 + 15. Let x(z) = 2*z**3 - 4*z**2 + 4. Let l be x(2). Let q(g) = -7 - 1 - g**2 - 6*g - 3 + l. What is q(v)?
-7
Suppose -16 = -2*c - 4*a, c - 2*a + 12 = 3*c. Let s(f) = -f**2 + 9*f - 4. Let w(p) = 3 + p**2 - 14 - 4*p**2 + 28*p. Let y(j) = 7*s(j) - 2*w(j). Determine y(c).
6
Let z(s) = -s. Let y be 2/(-1*(-1)/2). Let b(g) = g**2 + 8*g - 5. Let n be b(-7). Let f be n/9*(-18)/y. Calculate z(f).
-6
Let j(f) be the first derivative of 1/6*f**3 - 6 + 0*f**2 + 3*f. Let x(o) be the first derivative of j(o). Determine x(-1).
-1
Let h(g) = -2*g - 6. Suppose 0 = -0*y - 4*y + 48. Let m be 2/(-6) + 76/y. Let f be (-37)/m - (-1)/6. Give h(f).
6
Let c(u) be the third derivative of -u**4/12 + u**3/3 + u**2. Let y be (-2)/(-2) + (-3)/6*-4. Suppose 0 = 2*j - b + 3*b, 4*b + 14 = y*j. Calculate c(j).
-2
Let k = 21 + -42. Let m = 16 + k. Let r(s) = 4*s**3 - 11*s**2 - 11*s + 10. Let p(t) = -t**3 + t**2 + t - 1. Let y(v) = 5*p(v) + r(v). What is y(m)?
10
Let x = 3489 + -3487. Let d(t) be the second derivative of 1/3*t**3 - t**2 + 1/6*t**4 + t + 0 - 1/10*t**5. Determine d(x).
-6
Let v(r) = 18 - 10*r**2 - 19*r + 25 + 6*r + 22 - 53 + r**3. What is v(11)?
-10
Let q be 11/(495/(-10))*-36. Let j(t) = -t + 25. Give j(q).
17
Let g(u) = -5*u**2 - 2*u + 1 + 2 + 3*u**2. Suppose 0 = 52*d - 51*d - 2. Determine g(d).
-9
Let w(c) be the second derivative of -c**5/20 - c**4/2 + 5*c**3/6 - 5*c**2/2 + 13*c + 5. Give w(-7).
9
Let j(p) = p**3 - 10*p**2 - 9*p - 15. Let b = 22 + -11. Let n be j(b). Let i(h) = -3*h + 2 - 3*h + n*h. Calculate i(-4).
-2
Suppose -z - 4*x + 0*x + 1 = 0, -5*x + 11 = -2*z. Let i(l) = -l**3 - 5*l**2 - 4*l + 4. Give i(z).
-2
Let a(d) = -9*d - 5. Let k(g) = 4*g + 2. Let b(u) = 3*a(u) + 7*k(u). Let w be -2*21/6*-1. Determine b(w).
6
Let u(i) = 505*i**2 - 1000*i**2 + 3 + 7*i + 496*i**2. Calculate u(-6).
-3
Let o(z) = -2*z**2 + 1 + 2 - 2*z**2 - 2*z. Let a = -794 - -791. Calculate o(a).
-27
Let r(c) = 3*c**2 + 4*c + 3. Let k = -8 + 10. Suppose k*o + 1 - 9 = 0. Suppose o*d = -d - 10. Give r(d).
7
Let s(p) = 43*p**3 - 6*p**2 - 3*p + 7. Let h(w) be the first derivative of -7*w**4/2 + 2*w**3/3 + w**2/2 - 2*w + 7. Let o(m) = 7*h(m) + 2*s(m). Determine o(-1).
13
Let w = -97 - -43. Let i be 5 + w/10 + 74/10. Let p(k) = -k**3 + 6*k**2 + 8*k + 3. Determine p(i).
10
Suppose 2*o + 2 = 12. Suppose 0 = 4*s + 4, o*i + 0*s - 5*s = 0. Let x be (i + (6 - 0))/1. Let k(b) = 2*b. Calculate k(x).
10
Let n(u) = 4*u**2 - u + 3. Let k(x) = -9*x**2 + 2*x - 6. Let b(a) = -3*k(a) - 7*n(a). Let l = 6 - 3. What is b(l)?
-9
Let c(p) = p**3 + 16*p**2 + 17*p + 24. Let w be c(-15). Let y(o) = o**3 + 5*o**2 - 4*o + 7. What is y(w)?
-5
Let m(v) = 2*v. Let f be ((-2)/6)/((-14)/546). Let w = f - 16. Give m(w).
-6
Let g be (0 - -5)*(-8 + 612/60). Let p(t) = -t - 5. Calculate p(g).
-16
Let o(k) = 3*k + 1. Let v(q) = 0*q**2 + 3 + 3*q**2 + 0*q**2 + 18*q - 11*q. Let f be v(-2). Give o(f).
4
Let f(k) be the second derivative of -k**5/20 + k**4/2 - 4*k**3/3 + 3*k**2/2 + 10*k. Let z be f(3). Let q(w) = w**2 - 9*w + 7. What is q(z)?
-11
Let c(z) = 4*z + 1. Let g be 8/(-1 + (-3)/(-1)). Suppose 2*k - g*k = -6. Let q(a) = -a. Let y(w) = k*q(w) + c(w). Give y(3).
4
Let a be (5/(-20)*2)/((-7)/(-56)). Let q(z) = -2*z**3 - 5*z**2 + 12*z + 10. What is q(a)?
10
Let g(y) = -y**3 - 5*y**2 + y + 7. Suppose -106 = -3*c - 7. Suppose n = 4*n - c. Suppose -i - n = 3*l + i, -5*i + 10 = 0. What is g(l)?
2
Let p(b) = -b**3 - 4*b**2 - 2. Suppose 4*u - 8*u = -8. Let v = 4 - u. Suppose v = k + 6. Calculate p(k).
-2
Let m(i) = 0*i**2 - 2*i**2 + 51 - 56 - 4*i. What is m(-2)?
-5
Let k = 13 - 8. Let c(r) = -7 + 2*r - r + 7. Let b(l) = l + 1. Let d(u) = k*b(u) - 4*c(u). Calculate d(-5).
0
Let o(l) be the first derivative of l**4/4 - l**2 - 2*l - 11. Determine o(-2).
-6
Let q(r) = 3*r + 3. Let u be ((-2)/5*1)/((-70)/(-1050)). Determine q(u).
-15
Let v(s) = s + 2. Let x be 1 - 25*12/30. Determine v(x).
-7
Let y be (-6*(-4)/8)/1. Let j(l) = l**3 - l**2 - 2*l - 4. Let i be j(y). Let v(w) = w**2 - 7*w - 7. Calculate v(i).
1
Let z(b) = 3*b + 4. Let s = -24 - -36. Suppose 0 = 5*j - j + s. What is z(j)?
-5
Let w(i) = 5*i - 3. Let x(s) = -7*s + 4. Let k(m) = 3*w(m) + 2*x(m). What is k(2)?
1
Suppose 0 = p - 5 + 2. Let v(j) = 1 + 5 + 11 - p*j + 4*j. Let b be v(-11). Let y(g) = g**2 - 7*g. Calculate y(b).
-6
Let q(n) = -n**3 + 5*n**2 - 2*n + 7. Suppose -v = a - 0*v - 8, -a + 32 = -5*v. Suppose -5 = -a*z + 11*z. What is q(z)?
-3
Let c(t) = -t**2 - 11*t - 13. Let f be c(-9). Let x(s) = -9*s + 8. Let b(d) = -7*d + 9. Let a(q) = f*b(q) - 4*x(q). Give a(-10).
3
Let l(m) = m**2 - 8*m + 5. Let r(n) = -3*n**2 + 2. Let o be r(2). Let f be (o/4)/(20/(-48)). What is l(f)?
-7
Let z(v) = 24*v**2 - 15*v - 18. Let b(m) = 29*m**2 - 15*m - 18. Let y(a) = 5*b(a) - 6*z(a). Determine y(-13).
-8
Let q(k) = 42*k**2 - 4 - 8*k + k**3 - 3 - 48*k**2 + 3. Calculate q(7).
-11
Let s(f) = f**2 - 54*f + 56. Let z be s(53). Let x(q) = q**2 - 3*q - 3. What is x(z)?
-3
Let z(b) = 5*b + 2. Let h(i) = -6*i - 4. Let p(g) = -4*h(g) - 5*z(g). What is p(3)?
3
Let i(o) = -o**2 - 7*o - 7. Let n(w) = -8*w - 38. Let f be n(-5). Suppose -a + h = 5*h + 5, 2*a - f*h = -10. Give i(a).
3
Let f(v) = -v**3 + 16*v**2 + v - 15. Let c(q) = 3*q**2 + 5*q + 4. Let t be c(-3). Calculate f(t).
1
Let j be (-20)/35 + 18/(-42). Let i(r) = -r**2 - 1. Determine i(j).
-2
Suppose 5*d = -5*i + 62 - 2, -2*i + 39 = -3*d. Let f(l) = 12*l - 49*l - 2*l**2 + 19*l + i*l - 4. Calculate f(3).
-31
Let b be -1*(3*-2 - 0). Let u(t) = -3 + 247557*t + 3 - 247556*t - 4. Determine u(b).
2
Let i(r) be the first derivative of -r**4/4 + 5*r**3/3 - r**2 + 12*r + 422. Determine i(5).
2
Let v(z) = 11*z - 29. Let h(p) = 26*p - 57. Let b(k) = -2*h(k) + 5*v(k). What is b(10)?
-1
Let t(d) = -3 - 3*d + 9*d + 3*d**3 + 1 - 2*d**3 + 7*d**2. Let w(k) = -64*k**2 + 0*k + 65*k**2 + k. Let v(o) = -t(o) + 5*w(o). What is v(-3)